{"id":371,"date":"2025-05-23T01:19:27","date_gmt":"2025-05-22T23:19:27","guid":{"rendered":"https:\/\/www.cbdnaturelfran\u00e7ais.fr\/?post_type=product&#038;p=371"},"modified":"2026-03-03T23:25:27","modified_gmt":"2026-03-03T22:25:27","slug":"huile-cbn-coco-a-la-menthe","status":"publish","type":"product","link":"https:\/\/www.cbdnaturelfran\u00e7ais.fr\/?product=huile-cbn-coco-a-la-menthe","title":{"rendered":"Huile CBN coco \u00e0 la menthe Ma Petite Nature"},"content":{"rendered":"<p>Origine : France<\/p>\n<dl class=\"data-sheet\">\n<dt class=\"name\">Contenance : 10 ml<\/dt>\n<dt class=\"name\">Conditionnement : Flacon en verre avec pipette<\/dt>\n<dt class=\"name\">Composition : Huile de coco MCT biologique, extrait de chanvre multi spectre avec du CBD et d\u2019autres cannabino\u00efdes (CBG, CBN\u2026), ar\u00f4me.<\/dt>\n<dt class=\"name\">Type de produit : Huile sublinguale<\/dt>\n<dt class=\"name\">Huile support : Huile de coco MCT BIO<\/dt>\n<dt class=\"name\">Type d&rsquo;huile CBD : Huile multi-spectre<\/dt>\n<dt class=\"name\">Type de CBD : Multi Spectre<\/dt>\n<dt class=\"name\">Taux de CBD : 10%<\/dt>\n<\/dl>\n","protected":false},"excerpt":{"rendered":"<p><strong>Une d\u00e9clinaison aromatis\u00e9e, parfaite pour les amateurs de fraicheur !<\/strong><\/p>\n<p>Ma Petite Nature par Nature &amp; CBD : une gamme d&rsquo;huiles au CBD multi spectre avec toujours une qualit\u00e9 d&rsquo;\u00e9laboration optimale et un prix tout doux adapt\u00e9 \u00e0 tous les budgets.<\/p>\n<p>D\u00e9couvrez d\u00e8s maintenant un produit de qualit\u00e9 compos\u00e9 d&rsquo;une huile support de coco bio et d&rsquo;un extrait de chanvre multi spectre garanti sans THC et riches en cannabino\u00efdes et terp\u00e8nes.<\/p>\n<p>&nbsp;<\/p>\n<p><img decoding=\"async\" class=\"alignnone size-medium wp-image-811 aligncenter lazyload\" data-src=\"https:\/\/www.cbdnaturelfran\u00e7ais.fr\/wp-content\/uploads\/2025\/06\/logo-paiements-securises-objectif-tendance-300x125.jpeg\" alt=\"Paiement s\u00e9curis\u00e9 carte bancaire\" width=\"300\" height=\"125\" data-srcset=\"https:\/\/www.cbdnaturelfran\u00e7ais.fr\/wp-content\/uploads\/2025\/06\/logo-paiements-securises-objectif-tendance-300x125.jpeg 300w, https:\/\/www.cbdnaturelfran\u00e7ais.fr\/wp-content\/uploads\/2025\/06\/logo-paiements-securises-objectif-tendance-600x249.jpeg 600w, https:\/\/www.cbdnaturelfran\u00e7ais.fr\/wp-content\/uploads\/2025\/06\/logo-paiements-securises-objectif-tendance.jpeg 727w\" data-sizes=\"(max-width: 300px) 100vw, 300px\" src=\"data:image\/svg+xml;base64,PHN2ZyB3aWR0aD0iMSIgaGVpZ2h0PSIxIiB4bWxucz0iaHR0cDovL3d3dy53My5vcmcvMjAwMC9zdmciPjwvc3ZnPg==\" style=\"--smush-placeholder-width: 300px; --smush-placeholder-aspect-ratio: 300\/125;\" \/><\/p>\n","protected":false},"featured_media":372,"comment_status":"open","ping_status":"closed","template":"","meta":[],"product_brand":[],"product_cat":[30],"product_tag":[88,62,54,34,52,61],"class_list":{"0":"post-371","1":"product","2":"type-product","3":"status-publish","4":"has-post-thumbnail","6":"product_cat-huiles-cbd","7":"product_tag-cbn","8":"product_tag-coco","9":"product_tag-france","10":"product_tag-huile","11":"product_tag-menthe","12":"product_tag-mutli-spectre","14":"first","15":"instock","16":"taxable","17":"shipping-taxable","18":"purchasable","19":"product-type-simple"},"yoast_head":"<!-- This site is optimized with the Yoast SEO plugin v27.1.1 - https:\/\/yoast.com\/product\/yoast-seo-wordpress\/ -->\n<title>Huile CBN coco \u00e0 la menthe Ma Petite Nature - CBD Naturel Fran\u00e7ais<\/title>\n<meta name=\"description\" content=\"D\u00e9couvrez d\u00e8s maintenant un produit de qualit\u00e9 compos\u00e9 d&#039;une huile support de coco bio et d&#039;un extrait de chanvre multi spectre garanti sans THC et riches en cannabino\u00efdes et terp\u00e8nes.\" \/>\n<meta name=\"robots\" content=\"index, follow, max-snippet:-1, max-image-preview:large, max-video-preview:-1\" \/>\n<link rel=\"canonical\" href=\"https:\/\/www.cbdnaturelfran\u00e7ais.fr\/?product=huile-cbn-coco-a-la-menthe\" \/>\n<meta property=\"og:locale\" content=\"fr_FR\" \/>\n<meta property=\"og:type\" content=\"article\" \/>\n<meta property=\"og:title\" content=\"Huile CBN coco \u00e0 la menthe Ma Petite Nature - CBD Naturel Fran\u00e7ais\" \/>\n<meta property=\"og:description\" content=\"D\u00e9couvrez d\u00e8s maintenant un produit de qualit\u00e9 compos\u00e9 d&#039;une huile support de coco bio et d&#039;un extrait de chanvre multi spectre garanti sans THC et riches en cannabino\u00efdes et terp\u00e8nes.\" \/>\n<meta property=\"og:url\" content=\"https:\/\/www.cbdnaturelfran\u00e7ais.fr\/?product=huile-cbn-coco-a-la-menthe\" \/>\n<meta property=\"og:site_name\" content=\"CBD Naturel Fran\u00e7ais\" \/>\n<meta property=\"article:modified_time\" content=\"2026-03-03T22:25:27+00:00\" \/>\n<meta property=\"og:image\" content=\"https:\/\/www.cbdnaturelfran\u00e7ais.fr\/wp-content\/uploads\/2025\/05\/huile-cbd-coco-a-la-menthe-ma-petite-nature.png\" \/>\n\t<meta property=\"og:image:width\" content=\"800\" \/>\n\t<meta property=\"og:image:height\" content=\"800\" \/>\n\t<meta property=\"og:image:type\" content=\"image\/png\" \/>\n<meta name=\"twitter:card\" content=\"summary_large_image\" \/>\n<meta name=\"twitter:label1\" content=\"Dur\u00e9e de lecture estim\u00e9e\" \/>\n\t<meta name=\"twitter:data1\" content=\"1 minute\" \/>\n<script type=\"application\/ld+json\" class=\"yoast-schema-graph\">{\"@context\":\"https:\/\/schema.org\",\"@graph\":[{\"@type\":\"WebPage\",\"@id\":\"https:\/\/www.cbdnaturelfran\u00e7ais.fr\/?product=huile-cbn-coco-a-la-menthe\",\"url\":\"https:\/\/www.cbdnaturelfran\u00e7ais.fr\/?product=huile-cbn-coco-a-la-menthe\",\"name\":\"Huile CBN coco \u00e0 la menthe Ma Petite Nature - CBD Naturel Fran\u00e7ais\",\"isPartOf\":{\"@id\":\"https:\/\/www.cbdnaturelfran\u00e7ais.fr\/#website\"},\"primaryImageOfPage\":{\"@id\":\"https:\/\/www.cbdnaturelfran\u00e7ais.fr\/?product=huile-cbn-coco-a-la-menthe#primaryimage\"},\"image\":{\"@id\":\"https:\/\/www.cbdnaturelfran\u00e7ais.fr\/?product=huile-cbn-coco-a-la-menthe#primaryimage\"},\"thumbnailUrl\":\"https:\/\/www.cbdnaturelfran\u00e7ais.fr\/wp-content\/uploads\/2025\/05\/huile-cbd-coco-a-la-menthe-ma-petite-nature.png\",\"datePublished\":\"2025-05-22T23:19:27+00:00\",\"dateModified\":\"2026-03-03T22:25:27+00:00\",\"description\":\"D\u00e9couvrez d\u00e8s maintenant un produit de qualit\u00e9 compos\u00e9 d'une huile support de coco bio et d'un extrait de chanvre multi spectre garanti sans THC et riches en cannabino\u00efdes et terp\u00e8nes.\",\"breadcrumb\":{\"@id\":\"https:\/\/www.cbdnaturelfran\u00e7ais.fr\/?product=huile-cbn-coco-a-la-menthe#breadcrumb\"},\"inLanguage\":\"fr-FR\",\"potentialAction\":[{\"@type\":\"ReadAction\",\"target\":[\"https:\/\/www.cbdnaturelfran\u00e7ais.fr\/?product=huile-cbn-coco-a-la-menthe\"]}]},{\"@type\":\"ImageObject\",\"inLanguage\":\"fr-FR\",\"@id\":\"https:\/\/www.cbdnaturelfran\u00e7ais.fr\/?product=huile-cbn-coco-a-la-menthe#primaryimage\",\"url\":\"https:\/\/www.cbdnaturelfran\u00e7ais.fr\/wp-content\/uploads\/2025\/05\/huile-cbd-coco-a-la-menthe-ma-petite-nature.png\",\"contentUrl\":\"https:\/\/www.cbdnaturelfran\u00e7ais.fr\/wp-content\/uploads\/2025\/05\/huile-cbd-coco-a-la-menthe-ma-petite-nature.png\",\"width\":800,\"height\":800,\"caption\":\"Huile CBD \u00e0 la menthe\"},{\"@type\":\"BreadcrumbList\",\"@id\":\"https:\/\/www.cbdnaturelfran\u00e7ais.fr\/?product=huile-cbn-coco-a-la-menthe#breadcrumb\",\"itemListElement\":[{\"@type\":\"ListItem\",\"position\":1,\"name\":\"Accueil\",\"item\":\"https:\/\/www.cbdnaturelfran\u00e7ais.fr\/\"},{\"@type\":\"ListItem\",\"position\":2,\"name\":\"Boutique\",\"item\":\"https:\/\/www.cbdnaturelfran\u00e7ais.fr\/?page_id=188\"},{\"@type\":\"ListItem\",\"position\":3,\"name\":\"Huile CBN coco \u00e0 la menthe Ma Petite Nature\"}]},{\"@type\":\"WebSite\",\"@id\":\"https:\/\/www.cbdnaturelfran\u00e7ais.fr\/#website\",\"url\":\"https:\/\/www.cbdnaturelfran\u00e7ais.fr\/\",\"name\":\"CBD Naturel Fran\u00e7ais\",\"description\":\"La Nature au Service de votre Bien \u00eatre\",\"potentialAction\":[{\"@type\":\"SearchAction\",\"target\":{\"@type\":\"EntryPoint\",\"urlTemplate\":\"https:\/\/www.cbdnaturelfran\u00e7ais.fr\/?s={search_term_string}\"},\"query-input\":{\"@type\":\"PropertyValueSpecification\",\"valueRequired\":true,\"valueName\":\"search_term_string\"}}],\"inLanguage\":\"fr-FR\"}]}<\/script>\n<!-- \/ Yoast SEO plugin. -->","yoast_head_json":{"title":"Huile CBN coco \u00e0 la menthe Ma Petite Nature - CBD Naturel Fran\u00e7ais","description":"D\u00e9couvrez d\u00e8s maintenant un produit de qualit\u00e9 compos\u00e9 d'une huile support de coco bio et d'un extrait de chanvre multi spectre garanti sans THC et riches en cannabino\u00efdes et terp\u00e8nes.","robots":{"index":"index","follow":"follow","max-snippet":"max-snippet:-1","max-image-preview":"max-image-preview:large","max-video-preview":"max-video-preview:-1"},"canonical":"https:\/\/www.cbdnaturelfran\u00e7ais.fr\/?product=huile-cbn-coco-a-la-menthe","og_locale":"fr_FR","og_type":"article","og_title":"Huile CBN coco \u00e0 la menthe Ma Petite Nature - CBD Naturel Fran\u00e7ais","og_description":"D\u00e9couvrez d\u00e8s maintenant un produit de qualit\u00e9 compos\u00e9 d'une huile support de coco bio et d'un extrait de chanvre multi spectre garanti sans THC et riches en cannabino\u00efdes et terp\u00e8nes.","og_url":"https:\/\/www.cbdnaturelfran\u00e7ais.fr\/?product=huile-cbn-coco-a-la-menthe","og_site_name":"CBD Naturel Fran\u00e7ais","article_modified_time":"2026-03-03T22:25:27+00:00","og_image":[{"width":800,"height":800,"url":"https:\/\/www.cbdnaturelfran\u00e7ais.fr\/wp-content\/uploads\/2025\/05\/huile-cbd-coco-a-la-menthe-ma-petite-nature.png","type":"image\/png"}],"twitter_card":"summary_large_image","twitter_misc":{"Dur\u00e9e de lecture estim\u00e9e":"1 minute"},"schema":{"@context":"https:\/\/schema.org","@graph":[{"@type":"WebPage","@id":"https:\/\/www.cbdnaturelfran\u00e7ais.fr\/?product=huile-cbn-coco-a-la-menthe","url":"https:\/\/www.cbdnaturelfran\u00e7ais.fr\/?product=huile-cbn-coco-a-la-menthe","name":"Huile CBN coco \u00e0 la menthe Ma Petite Nature - CBD Naturel Fran\u00e7ais","isPartOf":{"@id":"https:\/\/www.cbdnaturelfran\u00e7ais.fr\/#website"},"primaryImageOfPage":{"@id":"https:\/\/www.cbdnaturelfran\u00e7ais.fr\/?product=huile-cbn-coco-a-la-menthe#primaryimage"},"image":{"@id":"https:\/\/www.cbdnaturelfran\u00e7ais.fr\/?product=huile-cbn-coco-a-la-menthe#primaryimage"},"thumbnailUrl":"https:\/\/www.cbdnaturelfran\u00e7ais.fr\/wp-content\/uploads\/2025\/05\/huile-cbd-coco-a-la-menthe-ma-petite-nature.png","datePublished":"2025-05-22T23:19:27+00:00","dateModified":"2026-03-03T22:25:27+00:00","description":"D\u00e9couvrez d\u00e8s maintenant un produit de qualit\u00e9 compos\u00e9 d'une huile support de coco bio et d'un extrait de chanvre multi spectre garanti sans THC et riches en cannabino\u00efdes et terp\u00e8nes.","breadcrumb":{"@id":"https:\/\/www.cbdnaturelfran\u00e7ais.fr\/?product=huile-cbn-coco-a-la-menthe#breadcrumb"},"inLanguage":"fr-FR","potentialAction":[{"@type":"ReadAction","target":["https:\/\/www.cbdnaturelfran\u00e7ais.fr\/?product=huile-cbn-coco-a-la-menthe"]}]},{"@type":"ImageObject","inLanguage":"fr-FR","@id":"https:\/\/www.cbdnaturelfran\u00e7ais.fr\/?product=huile-cbn-coco-a-la-menthe#primaryimage","url":"https:\/\/www.cbdnaturelfran\u00e7ais.fr\/wp-content\/uploads\/2025\/05\/huile-cbd-coco-a-la-menthe-ma-petite-nature.png","contentUrl":"https:\/\/www.cbdnaturelfran\u00e7ais.fr\/wp-content\/uploads\/2025\/05\/huile-cbd-coco-a-la-menthe-ma-petite-nature.png","width":800,"height":800,"caption":"Huile CBD \u00e0 la menthe"},{"@type":"BreadcrumbList","@id":"https:\/\/www.cbdnaturelfran\u00e7ais.fr\/?product=huile-cbn-coco-a-la-menthe#breadcrumb","itemListElement":[{"@type":"ListItem","position":1,"name":"Accueil","item":"https:\/\/www.cbdnaturelfran\u00e7ais.fr\/"},{"@type":"ListItem","position":2,"name":"Boutique","item":"https:\/\/www.cbdnaturelfran\u00e7ais.fr\/?page_id=188"},{"@type":"ListItem","position":3,"name":"Huile CBN coco \u00e0 la menthe Ma Petite Nature"}]},{"@type":"WebSite","@id":"https:\/\/www.cbdnaturelfran\u00e7ais.fr\/#website","url":"https:\/\/www.cbdnaturelfran\u00e7ais.fr\/","name":"CBD Naturel Fran\u00e7ais","description":"La Nature au Service de votre Bien \u00eatre","potentialAction":[{"@type":"SearchAction","target":{"@type":"EntryPoint","urlTemplate":"https:\/\/www.cbdnaturelfran\u00e7ais.fr\/?s={search_term_string}"},"query-input":{"@type":"PropertyValueSpecification","valueRequired":true,"valueName":"search_term_string"}}],"inLanguage":"fr-FR"}]}},"jetpack_sharing_enabled":true,"_links":{"self":[{"href":"https:\/\/www.cbdnaturelfran\u00e7ais.fr\/index.php?rest_route=\/wp\/v2\/product\/371","targetHints":{"allow":["GET"]}}],"collection":[{"href":"https:\/\/www.cbdnaturelfran\u00e7ais.fr\/index.php?rest_route=\/wp\/v2\/product"}],"about":[{"href":"https:\/\/www.cbdnaturelfran\u00e7ais.fr\/index.php?rest_route=\/wp\/v2\/types\/product"}],"replies":[{"embeddable":true,"href":"https:\/\/www.cbdnaturelfran\u00e7ais.fr\/index.php?rest_route=%2Fwp%2Fv2%2Fcomments&post=371"}],"wp:featuredmedia":[{"embeddable":true,"href":"https:\/\/www.cbdnaturelfran\u00e7ais.fr\/index.php?rest_route=\/wp\/v2\/media\/372"}],"wp:attachment":[{"href":"https:\/\/www.cbdnaturelfran\u00e7ais.fr\/index.php?rest_route=%2Fwp%2Fv2%2Fmedia&parent=371"}],"wp:term":[{"taxonomy":"product_brand","embeddable":true,"href":"https:\/\/www.cbdnaturelfran\u00e7ais.fr\/index.php?rest_route=%2Fwp%2Fv2%2Fproduct_brand&post=371"},{"taxonomy":"product_cat","embeddable":true,"href":"https:\/\/www.cbdnaturelfran\u00e7ais.fr\/index.php?rest_route=%2Fwp%2Fv2%2Fproduct_cat&post=371"},{"taxonomy":"product_tag","embeddable":true,"href":"https:\/\/www.cbdnaturelfran\u00e7ais.fr\/index.php?rest_route=%2Fwp%2Fv2%2Fproduct_tag&post=371"}],"curies":[{"name":"wp","href":"https:\/\/api.w.org\/{rel}","templated":true}]}}